{"id":115,"date":"2021-07-19T03:35:50","date_gmt":"2021-07-19T03:35:50","guid":{"rendered":"http:\/\/wgretificadores1.hospedagemdesites.ws\/site\/?post_type=product&#038;p=115"},"modified":"2021-08-06T04:20:44","modified_gmt":"2021-08-06T04:20:44","slug":"retificador-automatico-wg-ia-4000-a-5000-a-6000-a","status":"publish","type":"product","link":"https:\/\/wgretificadores.com.br\/site\/produto\/retificador-automatico-wg-ia-4000-a-5000-a-6000-a\/","title":{"rendered":"Retificador Autom\u00e1tico WG IA &#8211; 4000 A | 5000 A | 6000 A"},"content":{"rendered":"<p><strong>Capacidades de 4000, 5000 ou 6000 amperes (a definir)<\/strong><\/p>\n<h4>CARACTER\u00cdSTICAS:<\/h4>\n<ul>\n<li>Alimenta\u00e7\u00e3o: 220, 380 ou 440Vca trif\u00e1sica (a definir)<\/li>\n<li>Voltagem de sa\u00edda: 0-12, 0-18 ou 0-24Vcc<\/li>\n<li>Corrente de sa\u00edda: 4000, 5000 ou 6000Acc (a definir)<\/li>\n<li>Voltagem constante ou corrente constante<\/li>\n<li>Controle prim\u00e1rio do transformador atrav\u00e9s de tiristores<\/li>\n<li>Limitador de corrente para que o equipamento n\u00e3o ultrapasse 10% da capacidade m\u00e1xima<\/li>\n<li>Sinaliza\u00e7\u00e3o de falha, geral, ventila\u00e7\u00e3o e sequ\u00eancia de fase<\/li>\n<li>Refrigera\u00e7\u00e3o a ar for\u00e7ada<\/li>\n<li>Prote\u00e7\u00e3o contra falta de fase, falta de ventila\u00e7\u00e3o, aquecimento, curto circuito nos barramentos de sa\u00edda e invers\u00e3o de fase<\/li>\n<li>Amper\u00edmetro e volt\u00edmetro digitais<\/li>\n<li>Transformador bobinado em cobre com prote\u00e7\u00e3o t\u00e9rmica<\/li>\n<li>Filtro indutivo e capacitivo na sa\u00edda<\/li>\n<li>Shunt com sa\u00edda de 60 MV<\/li>\n<li>Painel para comando \u00e0 dist\u00e2ncia<\/li>\n<li>Painel pintado com tinta ep\u00f3xi<\/li>\n<li>Dimens\u00f5es: 1800 x 760 x 1450mm (A x L x P)<\/li>\n<\/ul>\n","protected":false},"excerpt":{"rendered":"<p>&nbsp;<\/p>\n<p>&nbsp;<\/p>\n","protected":false},"featured_media":2438,"template":"redux-templates_canvas","meta":{"_monsterinsights_skip_tracking":false,"_monsterinsights_sitenote_active":false,"_monsterinsights_sitenote_note":"","_monsterinsights_sitenote_category":0},"product_cat":[16,133],"product_tag":[32,33,34,38,151],"class_list":["post-115","product","type-product","status-publish","has-post-thumbnail","hentry","product_cat-retificadores","product_cat-wg-ia","product_tag-4000-a","product_tag-5000-a","product_tag-6000-a","product_tag-automatico","product_tag-wg-ia"],"yoast_head":"<!-- This site is optimized with the Yoast SEO plugin v18.6 - https:\/\/yoast.com\/wordpress\/plugins\/seo\/ -->\n<title>Retificador Autom\u00e1tico WG IA - 4000 A | 5000 A | 6000 A - WG Ind\u00fastria e Com\u00e9rcio de Equipamentos El\u00e9tricos Ltda<\/title>\n<meta name=\"robots\" content=\"index, follow, max-snippet:-1, max-image-preview:large, max-video-preview:-1\" \/>\n<link rel=\"canonical\" href=\"https:\/\/wgretificadores.com.br\/site\/produto\/retificador-automatico-wg-ia-4000-a-5000-a-6000-a\/\" \/>\n<meta property=\"og:locale\" content=\"pt_BR\" \/>\n<meta property=\"og:type\" content=\"article\" \/>\n<meta property=\"og:title\" content=\"Retificador Autom\u00e1tico WG IA - 4000 A | 5000 A | 6000 A - WG Ind\u00fastria e Com\u00e9rcio de Equipamentos El\u00e9tricos Ltda\" \/>\n<meta property=\"og:description\" content=\"&nbsp;  &nbsp;\" \/>\n<meta property=\"og:url\" content=\"https:\/\/wgretificadores.com.br\/site\/produto\/retificador-automatico-wg-ia-4000-a-5000-a-6000-a\/\" \/>\n<meta property=\"og:site_name\" content=\"WG Ind\u00fastria e Com\u00e9rcio de Equipamentos El\u00e9tricos Ltda\" \/>\n<meta property=\"article:modified_time\" content=\"2021-08-06T04:20:44+00:00\" \/>\n<meta property=\"og:image\" content=\"https:\/\/wgretificadores.com.br\/site\/wp-content\/uploads\/2021\/07\/017-Retificador-automatico-WG-IA-4000-5000-6000_3.jpg\" \/>\n\t<meta property=\"og:image:width\" content=\"1152\" \/>\n\t<meta property=\"og:image:height\" content=\"768\" \/>\n\t<meta property=\"og:image:type\" content=\"image\/jpeg\" \/>\n<meta name=\"twitter:card\" content=\"summary_large_image\" \/>\n<meta name=\"twitter:label1\" content=\"Est. tempo de leitura\" \/>\n\t<meta name=\"twitter:data1\" content=\"1 minuto\" \/>\n<script type=\"application\/ld+json\" class=\"yoast-schema-graph\">{\"@context\":\"https:\/\/schema.org\",\"@graph\":[{\"@type\":\"Organization\",\"@id\":\"https:\/\/wgretificadores.com.br\/site\/#organization\",\"name\":\"WG Retificadores - Ind\u00fastria e Com\u00e9rcio de Equipamentos El\u00e9tricos Ltda\",\"url\":\"https:\/\/wgretificadores.com.br\/site\/\",\"sameAs\":[],\"logo\":{\"@type\":\"ImageObject\",\"@id\":\"https:\/\/wgretificadores.com.br\/site\/#logo\",\"inLanguage\":\"pt-BR\",\"url\":\"https:\/\/wgretificadores.com.br\/site\/wp-content\/uploads\/2021\/07\/Fachada-WG-Retificadores.png\",\"contentUrl\":\"https:\/\/wgretificadores.com.br\/site\/wp-content\/uploads\/2021\/07\/Fachada-WG-Retificadores.png\",\"width\":1920,\"height\":1043,\"caption\":\"WG Retificadores - Ind\u00fastria e Com\u00e9rcio de Equipamentos El\u00e9tricos Ltda\"},\"image\":{\"@id\":\"https:\/\/wgretificadores.com.br\/site\/#logo\"}},{\"@type\":\"WebSite\",\"@id\":\"https:\/\/wgretificadores.com.br\/site\/#website\",\"url\":\"https:\/\/wgretificadores.com.br\/site\/\",\"name\":\"WG Ind\u00fastria e Com\u00e9rcio de Equipamentos El\u00e9tricos Ltda\",\"description\":\"Desenvolvimento e fabrica\u00e7\u00e3o de equipamentos industriais  com tecnologia pr\u00f3pria\",\"publisher\":{\"@id\":\"https:\/\/wgretificadores.com.br\/site\/#organization\"},\"potentialAction\":[{\"@type\":\"SearchAction\",\"target\":{\"@type\":\"EntryPoint\",\"urlTemplate\":\"https:\/\/wgretificadores.com.br\/site\/?s={search_term_string}\"},\"query-input\":\"required name=search_term_string\"}],\"inLanguage\":\"pt-BR\"},{\"@type\":\"ImageObject\",\"@id\":\"https:\/\/wgretificadores.com.br\/site\/produto\/retificador-automatico-wg-ia-4000-a-5000-a-6000-a\/#primaryimage\",\"inLanguage\":\"pt-BR\",\"url\":\"https:\/\/wgretificadores.com.br\/site\/wp-content\/uploads\/2021\/07\/017-Retificador-automatico-WG-IA-4000-5000-6000_3.jpg\",\"contentUrl\":\"https:\/\/wgretificadores.com.br\/site\/wp-content\/uploads\/2021\/07\/017-Retificador-automatico-WG-IA-4000-5000-6000_3.jpg\",\"width\":1152,\"height\":768,\"caption\":\"Retificador autom\u00e1tico WG IA - 4000-5000-6000\"},{\"@type\":\"WebPage\",\"@id\":\"https:\/\/wgretificadores.com.br\/site\/produto\/retificador-automatico-wg-ia-4000-a-5000-a-6000-a\/#webpage\",\"url\":\"https:\/\/wgretificadores.com.br\/site\/produto\/retificador-automatico-wg-ia-4000-a-5000-a-6000-a\/\",\"name\":\"Retificador Autom\u00e1tico WG IA - 4000 A | 5000 A | 6000 A - WG Ind\u00fastria e Com\u00e9rcio de Equipamentos El\u00e9tricos Ltda\",\"isPartOf\":{\"@id\":\"https:\/\/wgretificadores.com.br\/site\/#website\"},\"primaryImageOfPage\":{\"@id\":\"https:\/\/wgretificadores.com.br\/site\/produto\/retificador-automatico-wg-ia-4000-a-5000-a-6000-a\/#primaryimage\"},\"datePublished\":\"2021-07-19T03:35:50+00:00\",\"dateModified\":\"2021-08-06T04:20:44+00:00\",\"breadcrumb\":{\"@id\":\"https:\/\/wgretificadores.com.br\/site\/produto\/retificador-automatico-wg-ia-4000-a-5000-a-6000-a\/#breadcrumb\"},\"inLanguage\":\"pt-BR\",\"potentialAction\":[{\"@type\":\"ReadAction\",\"target\":[\"https:\/\/wgretificadores.com.br\/site\/produto\/retificador-automatico-wg-ia-4000-a-5000-a-6000-a\/\"]}]},{\"@type\":\"BreadcrumbList\",\"@id\":\"https:\/\/wgretificadores.com.br\/site\/produto\/retificador-automatico-wg-ia-4000-a-5000-a-6000-a\/#breadcrumb\",\"itemListElement\":[{\"@type\":\"ListItem\",\"position\":1,\"name\":\"In\u00edcio\",\"item\":\"https:\/\/wgretificadores.com.br\/site\/\"},{\"@type\":\"ListItem\",\"position\":2,\"name\":\"Produtos\",\"item\":\"https:\/\/wgretificadores.com.br\/site\/shop\/\"},{\"@type\":\"ListItem\",\"position\":3,\"name\":\"Retificador Autom\u00e1tico WG IA &#8211; 4000 A | 5000 A | 6000 A\"}]}]}<\/script>\n<!-- \/ Yoast SEO plugin. -->","yoast_head_json":{"title":"Retificador Autom\u00e1tico WG IA - 4000 A | 5000 A | 6000 A - WG Ind\u00fastria e Com\u00e9rcio de Equipamentos El\u00e9tricos Ltda","robots":{"index":"index","follow":"follow","max-snippet":"max-snippet:-1","max-image-preview":"max-image-preview:large","max-video-preview":"max-video-preview:-1"},"canonical":"https:\/\/wgretificadores.com.br\/site\/produto\/retificador-automatico-wg-ia-4000-a-5000-a-6000-a\/","og_locale":"pt_BR","og_type":"article","og_title":"Retificador Autom\u00e1tico WG IA - 4000 A | 5000 A | 6000 A - WG Ind\u00fastria e Com\u00e9rcio de Equipamentos El\u00e9tricos Ltda","og_description":"&nbsp;  &nbsp;","og_url":"https:\/\/wgretificadores.com.br\/site\/produto\/retificador-automatico-wg-ia-4000-a-5000-a-6000-a\/","og_site_name":"WG Ind\u00fastria e Com\u00e9rcio de Equipamentos El\u00e9tricos Ltda","article_modified_time":"2021-08-06T04:20:44+00:00","og_image":[{"width":1152,"height":768,"url":"https:\/\/wgretificadores.com.br\/site\/wp-content\/uploads\/2021\/07\/017-Retificador-automatico-WG-IA-4000-5000-6000_3.jpg","type":"image\/jpeg"}],"twitter_card":"summary_large_image","twitter_misc":{"Est. tempo de leitura":"1 minuto"},"schema":{"@context":"https:\/\/schema.org","@graph":[{"@type":"Organization","@id":"https:\/\/wgretificadores.com.br\/site\/#organization","name":"WG Retificadores - Ind\u00fastria e Com\u00e9rcio de Equipamentos El\u00e9tricos Ltda","url":"https:\/\/wgretificadores.com.br\/site\/","sameAs":[],"logo":{"@type":"ImageObject","@id":"https:\/\/wgretificadores.com.br\/site\/#logo","inLanguage":"pt-BR","url":"https:\/\/wgretificadores.com.br\/site\/wp-content\/uploads\/2021\/07\/Fachada-WG-Retificadores.png","contentUrl":"https:\/\/wgretificadores.com.br\/site\/wp-content\/uploads\/2021\/07\/Fachada-WG-Retificadores.png","width":1920,"height":1043,"caption":"WG Retificadores - Ind\u00fastria e Com\u00e9rcio de Equipamentos El\u00e9tricos Ltda"},"image":{"@id":"https:\/\/wgretificadores.com.br\/site\/#logo"}},{"@type":"WebSite","@id":"https:\/\/wgretificadores.com.br\/site\/#website","url":"https:\/\/wgretificadores.com.br\/site\/","name":"WG Ind\u00fastria e Com\u00e9rcio de Equipamentos El\u00e9tricos Ltda","description":"Desenvolvimento e fabrica\u00e7\u00e3o de equipamentos industriais  com tecnologia pr\u00f3pria","publisher":{"@id":"https:\/\/wgretificadores.com.br\/site\/#organization"},"potentialAction":[{"@type":"SearchAction","target":{"@type":"EntryPoint","urlTemplate":"https:\/\/wgretificadores.com.br\/site\/?s={search_term_string}"},"query-input":"required name=search_term_string"}],"inLanguage":"pt-BR"},{"@type":"ImageObject","@id":"https:\/\/wgretificadores.com.br\/site\/produto\/retificador-automatico-wg-ia-4000-a-5000-a-6000-a\/#primaryimage","inLanguage":"pt-BR","url":"https:\/\/wgretificadores.com.br\/site\/wp-content\/uploads\/2021\/07\/017-Retificador-automatico-WG-IA-4000-5000-6000_3.jpg","contentUrl":"https:\/\/wgretificadores.com.br\/site\/wp-content\/uploads\/2021\/07\/017-Retificador-automatico-WG-IA-4000-5000-6000_3.jpg","width":1152,"height":768,"caption":"Retificador autom\u00e1tico WG IA - 4000-5000-6000"},{"@type":"WebPage","@id":"https:\/\/wgretificadores.com.br\/site\/produto\/retificador-automatico-wg-ia-4000-a-5000-a-6000-a\/#webpage","url":"https:\/\/wgretificadores.com.br\/site\/produto\/retificador-automatico-wg-ia-4000-a-5000-a-6000-a\/","name":"Retificador Autom\u00e1tico WG IA - 4000 A | 5000 A | 6000 A - WG Ind\u00fastria e Com\u00e9rcio de Equipamentos El\u00e9tricos Ltda","isPartOf":{"@id":"https:\/\/wgretificadores.com.br\/site\/#website"},"primaryImageOfPage":{"@id":"https:\/\/wgretificadores.com.br\/site\/produto\/retificador-automatico-wg-ia-4000-a-5000-a-6000-a\/#primaryimage"},"datePublished":"2021-07-19T03:35:50+00:00","dateModified":"2021-08-06T04:20:44+00:00","breadcrumb":{"@id":"https:\/\/wgretificadores.com.br\/site\/produto\/retificador-automatico-wg-ia-4000-a-5000-a-6000-a\/#breadcrumb"},"inLanguage":"pt-BR","potentialAction":[{"@type":"ReadAction","target":["https:\/\/wgretificadores.com.br\/site\/produto\/retificador-automatico-wg-ia-4000-a-5000-a-6000-a\/"]}]},{"@type":"BreadcrumbList","@id":"https:\/\/wgretificadores.com.br\/site\/produto\/retificador-automatico-wg-ia-4000-a-5000-a-6000-a\/#breadcrumb","itemListElement":[{"@type":"ListItem","position":1,"name":"In\u00edcio","item":"https:\/\/wgretificadores.com.br\/site\/"},{"@type":"ListItem","position":2,"name":"Produtos","item":"https:\/\/wgretificadores.com.br\/site\/shop\/"},{"@type":"ListItem","position":3,"name":"Retificador Autom\u00e1tico WG IA &#8211; 4000 A | 5000 A | 6000 A"}]}]}},"_links":{"self":[{"href":"https:\/\/wgretificadores.com.br\/site\/wp-json\/wp\/v2\/product\/115","targetHints":{"allow":["GET"]}}],"collection":[{"href":"https:\/\/wgretificadores.com.br\/site\/wp-json\/wp\/v2\/product"}],"about":[{"href":"https:\/\/wgretificadores.com.br\/site\/wp-json\/wp\/v2\/types\/product"}],"wp:featuredmedia":[{"embeddable":true,"href":"https:\/\/wgretificadores.com.br\/site\/wp-json\/wp\/v2\/media\/2438"}],"wp:attachment":[{"href":"https:\/\/wgretificadores.com.br\/site\/wp-json\/wp\/v2\/media?parent=115"}],"wp:term":[{"taxonomy":"product_cat","embeddable":true,"href":"https:\/\/wgretificadores.com.br\/site\/wp-json\/wp\/v2\/product_cat?post=115"},{"taxonomy":"product_tag","embeddable":true,"href":"https:\/\/wgretificadores.com.br\/site\/wp-json\/wp\/v2\/product_tag?post=115"}],"curies":[{"name":"wp","href":"https:\/\/api.w.org\/{rel}","templated":true}]}}