{"id":118,"date":"2021-07-19T03:45:28","date_gmt":"2021-07-19T03:45:28","guid":{"rendered":"http:\/\/wgretificadores1.hospedagemdesites.ws\/site\/?post_type=product&#038;p=118"},"modified":"2021-07-30T18:32:41","modified_gmt":"2021-07-30T18:32:41","slug":"retificador-manual-wg-ii-4000-a-5000-a","status":"publish","type":"product","link":"https:\/\/wgretificadores.com.br\/site\/produto\/retificador-manual-wg-ii-4000-a-5000-a\/","title":{"rendered":"Retificador Manual WG II &#8211; 4000 A | 5000 A"},"content":{"rendered":"<p><strong>Capacidades de 4000 ou 5000 amperes (a definir)<\/strong><\/p>\n<h4>CARACTER\u00cdSTICAS:<\/h4>\n<ul>\n<li>Alimenta\u00e7\u00e3o: 220, 380 ou 440Vca trif\u00e1sica (a definir)<\/li>\n<li>Voltagem de sa\u00edda: 6, 12, 18 ou 24Vcc (a definir)<\/li>\n<li>Corrente de sa\u00edda: 4000 ou 5000Acc (a definir)<\/li>\n<li>Controle no prim\u00e1rio do transformador atrav\u00e9s de chaves comutadoras possibilitando 32 pontos de ajuste<\/li>\n<li>Refrigera\u00e7\u00e3o a ar for\u00e7ada<\/li>\n<li>Limitador de corrente para que o equipamento n\u00e3o ultrapasse 10% de sua capacidade m\u00e1xima<\/li>\n<li>Prote\u00e7\u00e3o contra aquecimento e curto circuito nos barramentos de sa\u00edda<\/li>\n<li>Amper\u00edmetro e volt\u00edmetro digitais<\/li>\n<li>Transformador bobinado em cobre com prote\u00e7\u00e3o t\u00e9rmica<\/li>\n<li>Filtro indutivo na sa\u00edda<\/li>\n<li>Painel pintado com tinta ep\u00f3xi<\/li>\n<li>Dimens\u00f5es: 1800 x 870 x 870mm (A x L x P)<\/li>\n<\/ul>\n","protected":false},"excerpt":{"rendered":"<p>Capacidades de 4000 ou 5000 amperes (a definir) CARACTER\u00cdSTICAS: Alimenta\u00e7\u00e3o: 220, 380 ou 440Vca trif\u00e1sica (a definir) Voltagem&#8230;<\/p>\n","protected":false},"featured_media":51,"template":"","meta":{"_monsterinsights_skip_tracking":false,"_monsterinsights_sitenote_active":false,"_monsterinsights_sitenote_note":"","_monsterinsights_sitenote_category":0},"product_cat":[16,134],"product_tag":[32,33,41,42],"class_list":["post-118","product","type-product","status-publish","has-post-thumbnail","hentry","product_cat-retificadores","product_cat-wg-ii","product_tag-4000-a","product_tag-5000-a","product_tag-manual","product_tag-wg-ii"],"yoast_head":"<!-- This site is optimized with the Yoast SEO plugin v18.6 - https:\/\/yoast.com\/wordpress\/plugins\/seo\/ -->\n<title>Retificador Manual WG II - 4000 A | 5000 A - WG Ind\u00fastria e Com\u00e9rcio de Equipamentos El\u00e9tricos Ltda<\/title>\n<meta name=\"robots\" content=\"index, follow, max-snippet:-1, max-image-preview:large, max-video-preview:-1\" \/>\n<link rel=\"canonical\" href=\"https:\/\/wgretificadores.com.br\/site\/produto\/retificador-manual-wg-ii-4000-a-5000-a\/\" \/>\n<meta property=\"og:locale\" content=\"pt_BR\" \/>\n<meta property=\"og:type\" content=\"article\" \/>\n<meta property=\"og:title\" content=\"Retificador Manual WG II - 4000 A | 5000 A - WG Ind\u00fastria e Com\u00e9rcio de Equipamentos El\u00e9tricos Ltda\" \/>\n<meta property=\"og:description\" content=\"Capacidades de 4000 ou 5000 amperes (a definir) CARACTER\u00cdSTICAS: Alimenta\u00e7\u00e3o: 220, 380 ou 440Vca trif\u00e1sica (a definir) Voltagem...\" \/>\n<meta property=\"og:url\" content=\"https:\/\/wgretificadores.com.br\/site\/produto\/retificador-manual-wg-ii-4000-a-5000-a\/\" \/>\n<meta property=\"og:site_name\" content=\"WG Ind\u00fastria e Com\u00e9rcio de Equipamentos El\u00e9tricos Ltda\" \/>\n<meta property=\"article:modified_time\" content=\"2021-07-30T18:32:41+00:00\" \/>\n<meta property=\"og:image\" content=\"https:\/\/wgretificadores.com.br\/site\/wp-content\/uploads\/2021\/07\/020-Retificador-manual-mod-WG-II-4000-5000.jpg\" \/>\n\t<meta property=\"og:image:width\" content=\"1152\" \/>\n\t<meta property=\"og:image:height\" content=\"768\" \/>\n\t<meta property=\"og:image:type\" content=\"image\/jpeg\" \/>\n<meta name=\"twitter:card\" content=\"summary_large_image\" \/>\n<meta name=\"twitter:label1\" content=\"Est. tempo de leitura\" \/>\n\t<meta name=\"twitter:data1\" content=\"1 minuto\" \/>\n<script type=\"application\/ld+json\" class=\"yoast-schema-graph\">{\"@context\":\"https:\/\/schema.org\",\"@graph\":[{\"@type\":\"Organization\",\"@id\":\"https:\/\/wgretificadores.com.br\/site\/#organization\",\"name\":\"WG Retificadores - Ind\u00fastria e Com\u00e9rcio de Equipamentos El\u00e9tricos Ltda\",\"url\":\"https:\/\/wgretificadores.com.br\/site\/\",\"sameAs\":[],\"logo\":{\"@type\":\"ImageObject\",\"@id\":\"https:\/\/wgretificadores.com.br\/site\/#logo\",\"inLanguage\":\"pt-BR\",\"url\":\"https:\/\/wgretificadores.com.br\/site\/wp-content\/uploads\/2021\/07\/Fachada-WG-Retificadores.png\",\"contentUrl\":\"https:\/\/wgretificadores.com.br\/site\/wp-content\/uploads\/2021\/07\/Fachada-WG-Retificadores.png\",\"width\":1920,\"height\":1043,\"caption\":\"WG Retificadores - Ind\u00fastria e Com\u00e9rcio de Equipamentos El\u00e9tricos Ltda\"},\"image\":{\"@id\":\"https:\/\/wgretificadores.com.br\/site\/#logo\"}},{\"@type\":\"WebSite\",\"@id\":\"https:\/\/wgretificadores.com.br\/site\/#website\",\"url\":\"https:\/\/wgretificadores.com.br\/site\/\",\"name\":\"WG Ind\u00fastria e Com\u00e9rcio de Equipamentos El\u00e9tricos Ltda\",\"description\":\"Desenvolvimento e fabrica\u00e7\u00e3o de equipamentos industriais  com tecnologia pr\u00f3pria\",\"publisher\":{\"@id\":\"https:\/\/wgretificadores.com.br\/site\/#organization\"},\"potentialAction\":[{\"@type\":\"SearchAction\",\"target\":{\"@type\":\"EntryPoint\",\"urlTemplate\":\"https:\/\/wgretificadores.com.br\/site\/?s={search_term_string}\"},\"query-input\":\"required name=search_term_string\"}],\"inLanguage\":\"pt-BR\"},{\"@type\":\"ImageObject\",\"@id\":\"https:\/\/wgretificadores.com.br\/site\/produto\/retificador-manual-wg-ii-4000-a-5000-a\/#primaryimage\",\"inLanguage\":\"pt-BR\",\"url\":\"https:\/\/wgretificadores.com.br\/site\/wp-content\/uploads\/2021\/07\/020-Retificador-manual-mod-WG-II-4000-5000.jpg\",\"contentUrl\":\"https:\/\/wgretificadores.com.br\/site\/wp-content\/uploads\/2021\/07\/020-Retificador-manual-mod-WG-II-4000-5000.jpg\",\"width\":1152,\"height\":768,\"caption\":\"Retificador manual mod WG II 4000-5000\"},{\"@type\":\"WebPage\",\"@id\":\"https:\/\/wgretificadores.com.br\/site\/produto\/retificador-manual-wg-ii-4000-a-5000-a\/#webpage\",\"url\":\"https:\/\/wgretificadores.com.br\/site\/produto\/retificador-manual-wg-ii-4000-a-5000-a\/\",\"name\":\"Retificador Manual WG II - 4000 A | 5000 A - WG Ind\u00fastria e Com\u00e9rcio de Equipamentos El\u00e9tricos Ltda\",\"isPartOf\":{\"@id\":\"https:\/\/wgretificadores.com.br\/site\/#website\"},\"primaryImageOfPage\":{\"@id\":\"https:\/\/wgretificadores.com.br\/site\/produto\/retificador-manual-wg-ii-4000-a-5000-a\/#primaryimage\"},\"datePublished\":\"2021-07-19T03:45:28+00:00\",\"dateModified\":\"2021-07-30T18:32:41+00:00\",\"breadcrumb\":{\"@id\":\"https:\/\/wgretificadores.com.br\/site\/produto\/retificador-manual-wg-ii-4000-a-5000-a\/#breadcrumb\"},\"inLanguage\":\"pt-BR\",\"potentialAction\":[{\"@type\":\"ReadAction\",\"target\":[\"https:\/\/wgretificadores.com.br\/site\/produto\/retificador-manual-wg-ii-4000-a-5000-a\/\"]}]},{\"@type\":\"BreadcrumbList\",\"@id\":\"https:\/\/wgretificadores.com.br\/site\/produto\/retificador-manual-wg-ii-4000-a-5000-a\/#breadcrumb\",\"itemListElement\":[{\"@type\":\"ListItem\",\"position\":1,\"name\":\"In\u00edcio\",\"item\":\"https:\/\/wgretificadores.com.br\/site\/\"},{\"@type\":\"ListItem\",\"position\":2,\"name\":\"Produtos\",\"item\":\"https:\/\/wgretificadores.com.br\/site\/shop\/\"},{\"@type\":\"ListItem\",\"position\":3,\"name\":\"Retificador Manual WG II &#8211; 4000 A | 5000 A\"}]}]}<\/script>\n<!-- \/ Yoast SEO plugin. -->","yoast_head_json":{"title":"Retificador Manual WG II - 4000 A | 5000 A - WG Ind\u00fastria e Com\u00e9rcio de Equipamentos El\u00e9tricos Ltda","robots":{"index":"index","follow":"follow","max-snippet":"max-snippet:-1","max-image-preview":"max-image-preview:large","max-video-preview":"max-video-preview:-1"},"canonical":"https:\/\/wgretificadores.com.br\/site\/produto\/retificador-manual-wg-ii-4000-a-5000-a\/","og_locale":"pt_BR","og_type":"article","og_title":"Retificador Manual WG II - 4000 A | 5000 A - WG Ind\u00fastria e Com\u00e9rcio de Equipamentos El\u00e9tricos Ltda","og_description":"Capacidades de 4000 ou 5000 amperes (a definir) CARACTER\u00cdSTICAS: Alimenta\u00e7\u00e3o: 220, 380 ou 440Vca trif\u00e1sica (a definir) Voltagem...","og_url":"https:\/\/wgretificadores.com.br\/site\/produto\/retificador-manual-wg-ii-4000-a-5000-a\/","og_site_name":"WG Ind\u00fastria e Com\u00e9rcio de Equipamentos El\u00e9tricos Ltda","article_modified_time":"2021-07-30T18:32:41+00:00","og_image":[{"width":1152,"height":768,"url":"https:\/\/wgretificadores.com.br\/site\/wp-content\/uploads\/2021\/07\/020-Retificador-manual-mod-WG-II-4000-5000.jpg","type":"image\/jpeg"}],"twitter_card":"summary_large_image","twitter_misc":{"Est. tempo de leitura":"1 minuto"},"schema":{"@context":"https:\/\/schema.org","@graph":[{"@type":"Organization","@id":"https:\/\/wgretificadores.com.br\/site\/#organization","name":"WG Retificadores - Ind\u00fastria e Com\u00e9rcio de Equipamentos El\u00e9tricos Ltda","url":"https:\/\/wgretificadores.com.br\/site\/","sameAs":[],"logo":{"@type":"ImageObject","@id":"https:\/\/wgretificadores.com.br\/site\/#logo","inLanguage":"pt-BR","url":"https:\/\/wgretificadores.com.br\/site\/wp-content\/uploads\/2021\/07\/Fachada-WG-Retificadores.png","contentUrl":"https:\/\/wgretificadores.com.br\/site\/wp-content\/uploads\/2021\/07\/Fachada-WG-Retificadores.png","width":1920,"height":1043,"caption":"WG Retificadores - Ind\u00fastria e Com\u00e9rcio de Equipamentos El\u00e9tricos Ltda"},"image":{"@id":"https:\/\/wgretificadores.com.br\/site\/#logo"}},{"@type":"WebSite","@id":"https:\/\/wgretificadores.com.br\/site\/#website","url":"https:\/\/wgretificadores.com.br\/site\/","name":"WG Ind\u00fastria e Com\u00e9rcio de Equipamentos El\u00e9tricos Ltda","description":"Desenvolvimento e fabrica\u00e7\u00e3o de equipamentos industriais  com tecnologia pr\u00f3pria","publisher":{"@id":"https:\/\/wgretificadores.com.br\/site\/#organization"},"potentialAction":[{"@type":"SearchAction","target":{"@type":"EntryPoint","urlTemplate":"https:\/\/wgretificadores.com.br\/site\/?s={search_term_string}"},"query-input":"required name=search_term_string"}],"inLanguage":"pt-BR"},{"@type":"ImageObject","@id":"https:\/\/wgretificadores.com.br\/site\/produto\/retificador-manual-wg-ii-4000-a-5000-a\/#primaryimage","inLanguage":"pt-BR","url":"https:\/\/wgretificadores.com.br\/site\/wp-content\/uploads\/2021\/07\/020-Retificador-manual-mod-WG-II-4000-5000.jpg","contentUrl":"https:\/\/wgretificadores.com.br\/site\/wp-content\/uploads\/2021\/07\/020-Retificador-manual-mod-WG-II-4000-5000.jpg","width":1152,"height":768,"caption":"Retificador manual mod WG II 4000-5000"},{"@type":"WebPage","@id":"https:\/\/wgretificadores.com.br\/site\/produto\/retificador-manual-wg-ii-4000-a-5000-a\/#webpage","url":"https:\/\/wgretificadores.com.br\/site\/produto\/retificador-manual-wg-ii-4000-a-5000-a\/","name":"Retificador Manual WG II - 4000 A | 5000 A - WG Ind\u00fastria e Com\u00e9rcio de Equipamentos El\u00e9tricos Ltda","isPartOf":{"@id":"https:\/\/wgretificadores.com.br\/site\/#website"},"primaryImageOfPage":{"@id":"https:\/\/wgretificadores.com.br\/site\/produto\/retificador-manual-wg-ii-4000-a-5000-a\/#primaryimage"},"datePublished":"2021-07-19T03:45:28+00:00","dateModified":"2021-07-30T18:32:41+00:00","breadcrumb":{"@id":"https:\/\/wgretificadores.com.br\/site\/produto\/retificador-manual-wg-ii-4000-a-5000-a\/#breadcrumb"},"inLanguage":"pt-BR","potentialAction":[{"@type":"ReadAction","target":["https:\/\/wgretificadores.com.br\/site\/produto\/retificador-manual-wg-ii-4000-a-5000-a\/"]}]},{"@type":"BreadcrumbList","@id":"https:\/\/wgretificadores.com.br\/site\/produto\/retificador-manual-wg-ii-4000-a-5000-a\/#breadcrumb","itemListElement":[{"@type":"ListItem","position":1,"name":"In\u00edcio","item":"https:\/\/wgretificadores.com.br\/site\/"},{"@type":"ListItem","position":2,"name":"Produtos","item":"https:\/\/wgretificadores.com.br\/site\/shop\/"},{"@type":"ListItem","position":3,"name":"Retificador Manual WG II &#8211; 4000 A | 5000 A"}]}]}},"_links":{"self":[{"href":"https:\/\/wgretificadores.com.br\/site\/wp-json\/wp\/v2\/product\/118","targetHints":{"allow":["GET"]}}],"collection":[{"href":"https:\/\/wgretificadores.com.br\/site\/wp-json\/wp\/v2\/product"}],"about":[{"href":"https:\/\/wgretificadores.com.br\/site\/wp-json\/wp\/v2\/types\/product"}],"wp:featuredmedia":[{"embeddable":true,"href":"https:\/\/wgretificadores.com.br\/site\/wp-json\/wp\/v2\/media\/51"}],"wp:attachment":[{"href":"https:\/\/wgretificadores.com.br\/site\/wp-json\/wp\/v2\/media?parent=118"}],"wp:term":[{"taxonomy":"product_cat","embeddable":true,"href":"https:\/\/wgretificadores.com.br\/site\/wp-json\/wp\/v2\/product_cat?post=118"},{"taxonomy":"product_tag","embeddable":true,"href":"https:\/\/wgretificadores.com.br\/site\/wp-json\/wp\/v2\/product_tag?post=118"}],"curies":[{"name":"wp","href":"https:\/\/api.w.org\/{rel}","templated":true}]}}